{"id":177,"date":"2019-02-09T17:36:55","date_gmt":"2019-02-09T17:36:55","guid":{"rendered":"http:\/\/cbrcoop.qbweb.it\/?page_id=176"},"modified":"2019-11-19T16:18:52","modified_gmt":"2019-11-19T15:18:52","slug":"la-nostra-storia","status":"publish","type":"page","link":"https:\/\/www.cbrcoop.com\/?page_id=177","title":{"rendered":"La nostra storia"},"content":{"rendered":"\n<figure class=\"wp-block-image\"><img decoding=\"async\" src=\"http:\/\/cbrcoop.qbweb.it\/wp-content\/uploads\/2019\/01\/IMG_CBR_SEDE-1002x1024.jpg\" alt=\"\" class=\"wp-image-70\"\/><\/figure>\n\n\n\n<p>La&nbsp;<strong>Societ\u00e0 Cooperativa Braccianti Riminese&nbsp;<\/strong>\u00e8 stata fondata a Rimini il 5 giugno 1946 da otto soci cooperatori.<\/p>\n\n\n\n<p>Nell\u2019arco degli oltre 65 anni di attivit\u00e0, non ha mai subito cambiamenti di denominazione, trasformazioni, fusioni, scorpori, scissioni o mutamenti nella propriet\u00e0.<\/p>\n\n\n\n<p>Pur ampliando e diversificando l\u2019attivit\u00e0, il settore preminente che caratterizza la Cooperativa resta sempre quello delle&nbsp;<strong>infrastrutture edili<\/strong>&nbsp;e nello specifico la costruzione e manutenzione di&nbsp;<strong>opere stradali<\/strong>, ove vanta una lunga esperienza ed una riconosciuta capacit\u00e0 tecnica ed operativa.<br><\/p>\n\n\n\n<p>Tanti sono stati gli interventi sulla viabilit\u00e0 a come la realizzazione del Lungomare Tintori di Rimini, la costruzione della Variante di Cesenatico-Bellaria della S.S. 16, la realizzazione di diversi tratti della terza corsia dell\u2019A14 da Bologna a Senigallia ed alla realizzazione del terzo lotto della \u201cSecante di Cesena\u201d, due lotti del nuovo sistema viario di Forl\u00ec per conto di ANAS Roma. Oltre a interventi di medie e grandi dimensioni, nel corso dei decenni sono molteplici gli interventi di manutenzione ordinaria e straordinaria realizzati sulle strade comunali, provinciali e statali dei territori Romagnoli, Ferraresi e Marchigiani.<br><\/p>\n\n\n\n<p>Sono un vanto la realizzazione di&nbsp;<strong>grandi urbanizzazioni<\/strong>&nbsp;e connesse viabilit\u00e0 per importanti parchi tematici, quali \u201cParco di Mirabilandia\u201d a Ravenna e \u201cParco Oltremare\u201d a Riccione (RN).<br><\/p>\n\n\n\n<p>La Cooperativa non \u00e8 solo strade, l\u2019esperienza e le tecnologie adottate nella costruzione di acquedotti, gasdotti e fognature, discariche, le hanno consentito di essere oggi uno dei principali interlocutori delle Aziende Pubbliche e Private e degli Enti Pubblici Territoriali nelle province di Ravenna, Forl\u00ec-Cesena, Rimini, Bologna, Ferrara, Pesaro, Ancona, Trento, Cagliari, Foggia e Bari.<br><\/p>\n\n\n\n<p>Esegue con contratto continuativo sin dal 1963, la posa e la manutenzione di reti ed impianti di derivazione gas con servizio di pronto intervento nel territorio del Comune di Rimini ed in altri 40 comuni limitrofi, per conto di SGR Reti spa e SGR Servizi spa. Sempre con il servizio di pronto intervento ha realizzato vari contratti per lavori di manutenzione e posa reti per conto di ITALGAS ed Hera Gruppo spa.<\/p>\n\n\n\n<p>In provincia di Cagliari, ha realizzato un importante bacino di distribuzione gas; in passato ha realizzato la rete di distribuzione gas in diversi comuni della Slovenia<\/p>\n\n\n\n<p>Anche nell\u2019ambito dell\u2019arredo urbano, la Cooperativa ha al suo attivo interventi di spicco quali: la sistemazione della \u201cIsola dei Platani\u201d a Bellaria, V.le Ceccarini e V.le F.lli Cervi a Riccione, V.le Vespucci a Rimini, V.le Bovio a Cattolica e V.le Della Vittoria ad Ancona, P.zza Andrea Costa in Cesenatico.<br><\/p>\n\n\n\n<p>In ambito immobiliare, la Cooperativa ha realizzato il Centro Commerciale &#8220;I Malatesta&#8221; a Rimini, oltre che l&#8217;ampliamento dei capannoni del nuovo Impianto Fieristico della citt\u00e0 di Rimini. Ha realizzato n. 44 unit\u00e0 abitative di edilizia convenzionata PEEP in localit\u00e0 Gaiofana Comune di Rimini. E&#8217; inoltre in fase di realizzazione  un\u2019area produttiva, direzionale e comm.le di mq. 50.000 in localit\u00e0 Bornaccino in Comune di Santarcangelo di Romagna.<\/p>\n","protected":false},"excerpt":{"rendered":"<p>La&nbsp;Societ\u00e0 Cooperativa Braccianti Riminese&nbsp;\u00e8 stata fondata a Rimini il 5 giugno 1946 da otto soci cooperatori. Nell\u2019arco degli oltre 65 anni di attivit\u00e0, non ha mai subito cambiamenti di denominazione, trasformazioni, fusioni, scorpori, scissioni o mutamenti nella propriet\u00e0. Pur ampliando e diversificando l\u2019attivit\u00e0, il settore preminente che caratterizza la Cooperativa resta sempre quello delle&nbsp;infrastrutture edili&nbsp;e [&hellip;]<\/p>\n","protected":false},"author":1,"featured_media":0,"parent":61,"menu_order":0,"comment_status":"closed","ping_status":"closed","template":"","meta":{"footnotes":""},"class_list":["post-177","page","type-page","status-publish","hentry"],"_links":{"self":[{"href":"https:\/\/www.cbrcoop.com\/index.php?rest_route=\/wp\/v2\/pages\/177","targetHints":{"allow":["GET"]}}],"collection":[{"href":"https:\/\/www.cbrcoop.com\/index.php?rest_route=\/wp\/v2\/pages"}],"about":[{"href":"https:\/\/www.cbrcoop.com\/index.php?rest_route=\/wp\/v2\/types\/page"}],"author":[{"embeddable":true,"href":"https:\/\/www.cbrcoop.com\/index.php?rest_route=\/wp\/v2\/users\/1"}],"replies":[{"embeddable":true,"href":"https:\/\/www.cbrcoop.com\/index.php?rest_route=%2Fwp%2Fv2%2Fcomments&post=177"}],"version-history":[{"count":1,"href":"https:\/\/www.cbrcoop.com\/index.php?rest_route=\/wp\/v2\/pages\/177\/revisions"}],"predecessor-version":[{"id":713,"href":"https:\/\/www.cbrcoop.com\/index.php?rest_route=\/wp\/v2\/pages\/177\/revisions\/713"}],"up":[{"embeddable":true,"href":"https:\/\/www.cbrcoop.com\/index.php?rest_route=\/wp\/v2\/pages\/61"}],"wp:attachment":[{"href":"https:\/\/www.cbrcoop.com\/index.php?rest_route=%2Fwp%2Fv2%2Fmedia&parent=177"}],"curies":[{"name":"wp","href":"https:\/\/api.w.org\/{rel}","templated":true}]}}